{"id":6,"date":"2011-08-21T12:13:07","date_gmt":"2011-08-21T10:13:07","guid":{"rendered":"http:\/\/supermultimemory.wordpress.com\/?page_id=5"},"modified":"2019-07-28T14:34:40","modified_gmt":"2019-07-28T14:34:40","slug":"impressum","status":"publish","type":"page","link":"http:\/\/www.dialogische-kultur-und-bildung.de\/salonslalom\/impressum\/","title":{"rendered":"Kontakt \/ Impressum"},"content":{"rendered":"<p><strong>Salon Slalom<\/strong><\/p>\n<p>Mathias Fechter, Dr. Susanne G\u00f6litzer, Sandra Trauner<\/p>\n<p>Institut f\u00fcr dialogische Kultur und Bildung e.V.<br \/>\nRo\u00dfdorferstr. 28a<br \/>\n60385 Frankfurt am Main<br \/>\nEmail: <a href=\"mailto:salonslalom@dialogische-kultur-und-bildung.de\">salonslalom@dialogische-kultur-und-bildung.de<\/a><\/p>\n<p>Besuchen Sie uns auf unserer <a href=\"http:\/\/www.facebook.com\/SalonSlalom\" target=\"_blank\" rel=\"noopener\">Facebook-Seite<\/a>.<\/p>\n<p>Salon Slalom ist eine Veranstaltung des <a href=\"http:\/\/www.dialogische-kultur-und-bildung.de\/\" target=\"_blank\" rel=\"noopener\">Institutes f\u00fcr dialogische Bildung und Kultur e.V.<\/a><\/p>\n<p>Haftungshinweis:<br \/>\nTrotz sorgf\u00e4ltiger inhaltlicher Kontrolle \u00fcbernehmen wir keine Haftung f\u00fcr die Inhalte externer Links. F\u00fcr den Inhalt der verlinkten Seiten sind ausschlie\u00dflich deren Betreiber verantwortlich. <strong>&#8211;&gt;<\/strong><a title=\"\u00d6ffnet einen externen Link in einem neuen Fenster\" href=\"http:\/\/www.disclaimer.de\/disclaimer.htm\" target=\"_blank\" rel=\"noopener\"> Disclaimer<\/a><\/p>\n<p>&nbsp;<\/p>\n","protected":false},"excerpt":{"rendered":"<p>Salon Slalom Mathias Fechter, Dr. Susanne G\u00f6litzer, Sandra Trauner Institut f\u00fcr dialogische Kultur und Bildung e.V. Ro\u00dfdorferstr. 28a 60385 Frankfurt am Main Email: salonslalom@dialogische-kultur-und-bildung.de Besuchen Sie uns auf unserer Facebook-Seite. Salon Slalom ist eine Veranstaltung des Institutes f\u00fcr dialogische Bildung &hellip; <a href=\"http:\/\/www.dialogische-kultur-und-bildung.de\/salonslalom\/impressum\/\">Weiterlesen <span class=\"meta-nav\">&rarr;<\/span><\/a><\/p>\n","protected":false},"author":1,"featured_media":0,"parent":0,"menu_order":7,"comment_status":"closed","ping_status":"closed","template":"","meta":{"footnotes":""},"class_list":["post-6","page","type-page","status-publish","hentry"],"_links":{"self":[{"href":"http:\/\/www.dialogische-kultur-und-bildung.de\/salonslalom\/wp-json\/wp\/v2\/pages\/6","targetHints":{"allow":["GET"]}}],"collection":[{"href":"http:\/\/www.dialogische-kultur-und-bildung.de\/salonslalom\/wp-json\/wp\/v2\/pages"}],"about":[{"href":"http:\/\/www.dialogische-kultur-und-bildung.de\/salonslalom\/wp-json\/wp\/v2\/types\/page"}],"author":[{"embeddable":true,"href":"http:\/\/www.dialogische-kultur-und-bildung.de\/salonslalom\/wp-json\/wp\/v2\/users\/1"}],"replies":[{"embeddable":true,"href":"http:\/\/www.dialogische-kultur-und-bildung.de\/salonslalom\/wp-json\/wp\/v2\/comments?post=6"}],"version-history":[{"count":3,"href":"http:\/\/www.dialogische-kultur-und-bildung.de\/salonslalom\/wp-json\/wp\/v2\/pages\/6\/revisions"}],"predecessor-version":[{"id":3178,"href":"http:\/\/www.dialogische-kultur-und-bildung.de\/salonslalom\/wp-json\/wp\/v2\/pages\/6\/revisions\/3178"}],"wp:attachment":[{"href":"http:\/\/www.dialogische-kultur-und-bildung.de\/salonslalom\/wp-json\/wp\/v2\/media?parent=6"}],"curies":[{"name":"wp","href":"https:\/\/api.w.org\/{rel}","templated":true}]}}