{"id":3626,"date":"2023-08-29T09:58:23","date_gmt":"2023-08-29T09:58:23","guid":{"rendered":"http:\/\/www.dialogische-kultur-und-bildung.de\/salonslalom\/?page_id=3626"},"modified":"2023-10-21T14:06:14","modified_gmt":"2023-10-21T14:06:14","slug":"waldsalon-unter-baeumen","status":"publish","type":"page","link":"http:\/\/www.dialogische-kultur-und-bildung.de\/salonslalom\/termine\/waldsalon-unter-baeumen\/","title":{"rendered":"Waldsalon: Unter B\u00e4umen"},"content":{"rendered":"\n<figure class=\"wp-block-image size-full\"><a href=\"http:\/\/www.dialogische-kultur-und-bildung.de\/salonslalom\/wp-content\/uploads\/2023\/08\/unterbaeumen.jpg\"><img loading=\"lazy\" decoding=\"async\" width=\"850\" height=\"500\" src=\"http:\/\/www.dialogische-kultur-und-bildung.de\/salonslalom\/wp-content\/uploads\/2023\/08\/unterbaeumen.jpg\" alt=\"\" class=\"wp-image-3625\" srcset=\"http:\/\/www.dialogische-kultur-und-bildung.de\/salonslalom\/wp-content\/uploads\/2023\/08\/unterbaeumen.jpg 850w, http:\/\/www.dialogische-kultur-und-bildung.de\/salonslalom\/wp-content\/uploads\/2023\/08\/unterbaeumen-300x176.jpg 300w, http:\/\/www.dialogische-kultur-und-bildung.de\/salonslalom\/wp-content\/uploads\/2023\/08\/unterbaeumen-768x452.jpg 768w, http:\/\/www.dialogische-kultur-und-bildung.de\/salonslalom\/wp-content\/uploads\/2023\/08\/unterbaeumen-500x294.jpg 500w\" sizes=\"auto, (max-width: 850px) 100vw, 850px\" \/><\/a><\/figure>\n\n\n\n<p style=\"font-size:15px\"><em>Der Wald ist unheimlich.<br>Der Wald ist verzaubert.<br>Der Wald ist undurchdringlich.<br>Der Wald ist Leben.<br>Der Wald ist ein unersch\u00f6pflicher Wunschort f\u00fcr Menschen\u2026<\/em><\/p>\n\n\n\n<p>Was passiert, wenn der Wald zu vertrocknen droht \u2013 und mit der Klimakrise dramatische Zerst\u00f6rungen unseres \u00d6kosystems zu erwarten sind? K\u00f6nnen wir ohne B\u00e4ume leben? Was w\u00fcrden wir verlieren, wenn der Klimawandel nicht mehr zu stoppen ist? Diesen Fragen m\u00f6chten wir w\u00e4hrend einer kleinen Wanderung unter B\u00e4umen mit Imagination, Kunst und Literatur, Gesp\u00fcr und Achtsamkeit nachgehen. Das nat\u00fcrliche Umfeld des Waldes \u2013 seine Farben, Ger\u00e4usche und Ger\u00fcche \u2013 m\u00f6chten wir nutzen, um Abstand zum Alltag zu finden, den Augenblick zu erleben und lebendige Erfahrungen mit Naturverbundenheit zu machen. Auf verschiedenen Wegen m\u00f6chten wir herausfinden, welche Bedeutung Natur f\u00fcr uns hat oder haben k\u00f6nnte. Wir erkunden, ob die Wahrnehmung der \u00f6kologischen Krise etwas mit unserer sinnlichen Beziehung zu Natur zu tun hat. Und ob vielleicht auch darin Hoffnung zu finden ist.<\/p>\n\n\n\n<p>Mit <strong>Mathias Fechter<\/strong> und <strong>Susanne G\u00f6litzer<\/strong>.<\/p>\n\n\n\n<p><strong>Waldsalon: Unter B\u00e4umen<br>Termin: Samstag, 14. Oktober 2023, 13.30-18:30 Uhr<br>Spaziergang im Taunuswald<br>Ort: Hohemark\/Oberursel, N\u00e4he Frankfurt<\/strong><\/p>\n\n\n\n<p>Wir bereiten ein kleines Picknick f\u00fcr zwischendurch f\u00fcr euch vor.<\/p>\n\n\n\n<p><strong>Programm:<\/strong><\/p>\n\n\n\n<p>1) Sich rufen lassen<br>2) Literarische Lesung mit Susanne G\u00f6litzer: \u00dcber B\u00e4ume und Menschen<br>3) Spielerische Narrationen: Imaginative Reisen durch den Wald<br>4) In zwei Worten und\/oder in einem Bild: Was bedeutet Natur f\u00fcr mich?<br>5) Walk &amp; Talk: Was gibt mir Hoffnung?<\/p>\n\n\n\n<p>Bitte meldet euch <a href=\"http:\/\/www.dialogische-kultur-und-bildung.de\/salonslalom\/anmeldung\/\" data-type=\"page\" data-id=\"129\">hier<\/a> an. Nach der Anmeldung erhaltet Ihr genauere Informationen und eine Wegbeschreibung zum Ort der Veranstaltung.<\/p>\n\n\n\n<p>Mittlerweile sind die Bilder zur Veranstaltung online: <strong><a href=\"http:\/\/www.dialogische-kultur-und-bildung.de\/salonslalom\/galerie-2\/waldsalon-unter-baeumen\/\" data-type=\"page\" data-id=\"3646\">Galerie &#8222;Unter B\u00e4umen&#8220;<\/a><\/strong><\/p>\n","protected":false},"excerpt":{"rendered":"<p>Der Wald ist unheimlich.Der Wald ist verzaubert.Der Wald ist undurchdringlich.Der Wald ist Leben.Der Wald ist ein unersch\u00f6pflicher Wunschort f\u00fcr Menschen\u2026 Was passiert, wenn der Wald zu vertrocknen droht \u2013 und mit der Klimakrise dramatische Zerst\u00f6rungen unseres \u00d6kosystems zu erwarten sind? &hellip; <a href=\"http:\/\/www.dialogische-kultur-und-bildung.de\/salonslalom\/termine\/waldsalon-unter-baeumen\/\">Weiterlesen <span class=\"meta-nav\">&rarr;<\/span><\/a><\/p>\n","protected":false},"author":1,"featured_media":0,"parent":8,"menu_order":0,"comment_status":"closed","ping_status":"closed","template":"","meta":{"footnotes":""},"class_list":["post-3626","page","type-page","status-publish","hentry"],"_links":{"self":[{"href":"http:\/\/www.dialogische-kultur-und-bildung.de\/salonslalom\/wp-json\/wp\/v2\/pages\/3626","targetHints":{"allow":["GET"]}}],"collection":[{"href":"http:\/\/www.dialogische-kultur-und-bildung.de\/salonslalom\/wp-json\/wp\/v2\/pages"}],"about":[{"href":"http:\/\/www.dialogische-kultur-und-bildung.de\/salonslalom\/wp-json\/wp\/v2\/types\/page"}],"author":[{"embeddable":true,"href":"http:\/\/www.dialogische-kultur-und-bildung.de\/salonslalom\/wp-json\/wp\/v2\/users\/1"}],"replies":[{"embeddable":true,"href":"http:\/\/www.dialogische-kultur-und-bildung.de\/salonslalom\/wp-json\/wp\/v2\/comments?post=3626"}],"version-history":[{"count":9,"href":"http:\/\/www.dialogische-kultur-und-bildung.de\/salonslalom\/wp-json\/wp\/v2\/pages\/3626\/revisions"}],"predecessor-version":[{"id":3692,"href":"http:\/\/www.dialogische-kultur-und-bildung.de\/salonslalom\/wp-json\/wp\/v2\/pages\/3626\/revisions\/3692"}],"up":[{"embeddable":true,"href":"http:\/\/www.dialogische-kultur-und-bildung.de\/salonslalom\/wp-json\/wp\/v2\/pages\/8"}],"wp:attachment":[{"href":"http:\/\/www.dialogische-kultur-und-bildung.de\/salonslalom\/wp-json\/wp\/v2\/media?parent=3626"}],"curies":[{"name":"wp","href":"https:\/\/api.w.org\/{rel}","templated":true}]}}

Waldsalon: Unter Bäumen

<figure class="wp-block-image size-full"><a href="http://www.dialogische-kultur-und-bildung.de/salonslalom/wp-content/uploads/2023/08/unterbaeumen.jpg"><img loading="lazy" decoding="async" width="850" height="500" src="http://www.dialogische-kultur-und-bildung.de/salonslalom/wp-content/uploads/2023/08/unterbaeumen.jpg" alt="" class="wp-image-3625" srcset="http://www.dialogische-kultur-und-bildung.de/salonslalom/wp-content/uploads/2023/08/unterbaeumen.jpg 850w, http://www.dialogische-kultur-und-bildung.de/salonslalom/wp-content/uploads/2023/08/unterbaeumen-300x176.jpg 300w, http://www.dialogische-kultur-und-bildung.de/salonslalom/wp-content/uploads/2023/08/unterbaeumen-768x452.jpg 768w, http://www.dialogische-kultur-und-bildung.de/salonslalom/wp-content/uploads/2023/08/unterbaeumen-500x294.jpg 500w" sizes="auto, (max-width: 850px) 100vw, 850px" /></a></figure>



<p style="font-size:15px"><em>Der Wald ist unheimlich.<br>Der Wald ist verzaubert.<br>Der Wald ist undurchdringlich.<br>Der Wald ist Leben.<br>Der Wald ist ein unerschöpflicher Wunschort für Menschen…</em></p>



<p>Was passiert, wenn der Wald zu vertrocknen droht – und mit der Klimakrise dramatische Zerstörungen unseres Ökosystems zu erwarten sind? Können wir ohne Bäume leben? Was würden wir verlieren, wenn der Klimawandel nicht mehr zu stoppen ist? Diesen Fragen möchten wir während einer kleinen Wanderung unter Bäumen mit Imagination, Kunst und Literatur, Gespür und Achtsamkeit nachgehen. Das natürliche Umfeld des Waldes – seine Farben, Geräusche und Gerüche – möchten wir nutzen, um Abstand zum Alltag zu finden, den Augenblick zu erleben und lebendige Erfahrungen mit Naturverbundenheit zu machen. Auf verschiedenen Wegen möchten wir herausfinden, welche Bedeutung Natur für uns hat oder haben könnte. Wir erkunden, ob die Wahrnehmung der ökologischen Krise etwas mit unserer sinnlichen Beziehung zu Natur zu tun hat. Und ob vielleicht auch darin Hoffnung zu finden ist.</p>



<p>Mit <strong>Mathias Fechter</strong> und <strong>Susanne Gölitzer</strong>.</p>



<p><strong>Waldsalon: Unter Bäumen<br>Termin: Samstag, 14. Oktober 2023, 13.30-18:30 Uhr<br>Spaziergang im Taunuswald<br>Ort: Hohemark/Oberursel, Nähe Frankfurt</strong></p>



<p>Wir bereiten ein kleines Picknick für zwischendurch für euch vor.</p>



<p><strong>Programm:</strong></p>



<p>1) Sich rufen lassen<br>2) Literarische Lesung mit Susanne Gölitzer: Über Bäume und Menschen<br>3) Spielerische Narrationen: Imaginative Reisen durch den Wald<br>4) In zwei Worten und/oder in einem Bild: Was bedeutet Natur für mich?<br>5) Walk &amp; Talk: Was gibt mir Hoffnung?</p>



<p>Bitte meldet euch <a href="http://www.dialogische-kultur-und-bildung.de/salonslalom/anmeldung/" data-type="page" data-id="129">hier</a> an. Nach der Anmeldung erhaltet Ihr genauere Informationen und eine Wegbeschreibung zum Ort der Veranstaltung.</p>



<p>Mittlerweile sind die Bilder zur Veranstaltung online: <strong><a href="http://www.dialogische-kultur-und-bildung.de/salonslalom/galerie-2/waldsalon-unter-baeumen/" data-type="page" data-id="3646">Galerie &#8222;Unter Bäumen&#8220;</a></strong></p>

<p>Der Wald ist unheimlich.Der Wald ist verzaubert.Der Wald ist undurchdringlich.Der Wald ist Leben.Der Wald ist ein unerschöpflicher Wunschort für Menschen… Was passiert, wenn der Wald zu vertrocknen droht – und mit der Klimakrise dramatische Zerstörungen unseres Ökosystems zu erwarten sind? &hellip; <a href="http://www.dialogische-kultur-und-bildung.de/salonslalom/termine/waldsalon-unter-baeumen/">Weiterlesen <span class="meta-nav">&rarr;</span></a></p>
