{"id":3334,"date":"2021-01-29T13:08:44","date_gmt":"2021-01-29T13:08:44","guid":{"rendered":"http:\/\/www.dialogische-kultur-und-bildung.de\/salonslalom\/?page_id=3334"},"modified":"2021-01-29T13:21:55","modified_gmt":"2021-01-29T13:21:55","slug":"der-wald-und-wir","status":"publish","type":"page","link":"http:\/\/www.dialogische-kultur-und-bildung.de\/salonslalom\/termine\/der-wald-und-wir\/","title":{"rendered":"Der Wald und wir"},"content":{"rendered":"\n<p class=\"has-medium-font-size\"><strong>Kunst &amp; Dialog: Natur, Mensch und Zukunft<\/strong><\/p>\n\n\n\n<p><strong>Digitales Waldbaden mit Sandra Mann<\/strong><\/p>\n\n\n\n<figure class=\"wp-block-image size-large\"><img loading=\"lazy\" decoding=\"async\" width=\"630\" height=\"432\" src=\"http:\/\/www.dialogische-kultur-und-bildung.de\/salonslalom\/wp-content\/uploads\/2021\/01\/060814-8816-Hommage-an-Monet.jpg\" alt=\"\" class=\"wp-image-3333\" srcset=\"http:\/\/www.dialogische-kultur-und-bildung.de\/salonslalom\/wp-content\/uploads\/2021\/01\/060814-8816-Hommage-an-Monet.jpg 630w, http:\/\/www.dialogische-kultur-und-bildung.de\/salonslalom\/wp-content\/uploads\/2021\/01\/060814-8816-Hommage-an-Monet-300x206.jpg 300w, http:\/\/www.dialogische-kultur-und-bildung.de\/salonslalom\/wp-content\/uploads\/2021\/01\/060814-8816-Hommage-an-Monet-438x300.jpg 438w\" sizes=\"auto, (max-width: 630px) 100vw, 630px\" \/><figcaption>   <span class=\"has-inline-color has-white-color\">..<\/span><sup>\u00a9 Sandra Mann, 060814-8816 Hommage an Monet (Jessica &amp; &#8222;Seerosen&#8220;, Buchschlag, Germany), 2014<\/sup><\/figcaption><\/figure>\n\n\n\n<p>Der Wald stirbt, der Wald ist umk\u00e4mpft und wird gegen Autobahnen verteidigt, der Wald ist furchteinfl\u00f6\u00dfend und Sehnsuchtsort zugleich, aus therapeutischen Gr\u00fcnden baden wir gar in ihm. Unser Verh\u00e4ltnis zum Wald ist so vielschichtig wie menschliche Motive nur sein k\u00f6nnen. Unsere Beziehungen zu ihm bieten reichlich Stoff f\u00fcr Geschichten, die seine Bedeutung f\u00fcr uns klar machen. <\/p>\n\n\n\n<p>Diesen Geschichten m\u00f6chten wir im n\u00e4chsten Salon Slalom nachgehen und uns folgenden Fragen widmen: Welche Phantasien verbinden wir mit ihm? Wie nehmen wir (ihn) wahr? Nach was sehnen, vor was f\u00fcrchten wir uns? Und: Ist nicht eine lebendige Beziehung zum Wald \u2013 und damit generell zur Natur \u2013 eine entscheidende Voraussetzung, um die nat\u00fcrlichen Lebensgrundlagen als bewahrenswert zu erachten?<\/p>\n\n\n\n<p>Wir stellen die Fotok\u00fcnstlerin Sandra Mann vor und pr\u00e4sentieren Bilder aus ihrer Serie \u201eWaldlife\u201c, in der au\u00dfergew\u00f6hnliche Waldgeschichten und das Verh\u00e4ltnis von Mensch und Natur im Fokus stehen. The Artist is present: Wir haben die M\u00f6glichkeit mit Sandra Mann ins Gespr\u00e4ch zu kommen und uns gemeinsam mit ihr \u00fcber Kunst, Natur, Mensch und Zukunft auszutauschen.<\/p>\n\n\n\n<p><strong>Salon Slalom mit Sandra Mann<br>Freitag, 12. Februar 2021, 19.00 Uhr<\/strong><\/p>\n\n\n\n<p><strong>Moderation: Mathias Fechter u. Susanne G\u00f6litzer<\/strong><\/p>\n\n\n\n<p>Online-Veranstaltung mit Zoom.<\/p>\n\n\n\n<p><a href=\"http:\/\/www.dialogische-kultur-und-bildung.de\/salonslalom\/anmeldung\/\">Bitte meldet Euch hier an.<\/a> Wir lassen Euch dann die Zugangsdaten zukommen.<\/p>\n\n\n\n<p><\/p>\n","protected":false},"excerpt":{"rendered":"<p>Kunst &amp; Dialog: Natur, Mensch und Zukunft Digitales Waldbaden mit Sandra Mann Der Wald stirbt, der Wald ist umk\u00e4mpft und wird gegen Autobahnen verteidigt, der Wald ist furchteinfl\u00f6\u00dfend und Sehnsuchtsort zugleich, aus therapeutischen Gr\u00fcnden baden wir gar in ihm. Unser &hellip; <a href=\"http:\/\/www.dialogische-kultur-und-bildung.de\/salonslalom\/termine\/der-wald-und-wir\/\">Weiterlesen <span class=\"meta-nav\">&rarr;<\/span><\/a><\/p>\n","protected":false},"author":1,"featured_media":0,"parent":8,"menu_order":0,"comment_status":"closed","ping_status":"closed","template":"","meta":{"footnotes":""},"class_list":["post-3334","page","type-page","status-publish","hentry"],"_links":{"self":[{"href":"http:\/\/www.dialogische-kultur-und-bildung.de\/salonslalom\/wp-json\/wp\/v2\/pages\/3334","targetHints":{"allow":["GET"]}}],"collection":[{"href":"http:\/\/www.dialogische-kultur-und-bildung.de\/salonslalom\/wp-json\/wp\/v2\/pages"}],"about":[{"href":"http:\/\/www.dialogische-kultur-und-bildung.de\/salonslalom\/wp-json\/wp\/v2\/types\/page"}],"author":[{"embeddable":true,"href":"http:\/\/www.dialogische-kultur-und-bildung.de\/salonslalom\/wp-json\/wp\/v2\/users\/1"}],"replies":[{"embeddable":true,"href":"http:\/\/www.dialogische-kultur-und-bildung.de\/salonslalom\/wp-json\/wp\/v2\/comments?post=3334"}],"version-history":[{"count":6,"href":"http:\/\/www.dialogische-kultur-und-bildung.de\/salonslalom\/wp-json\/wp\/v2\/pages\/3334\/revisions"}],"predecessor-version":[{"id":3347,"href":"http:\/\/www.dialogische-kultur-und-bildung.de\/salonslalom\/wp-json\/wp\/v2\/pages\/3334\/revisions\/3347"}],"up":[{"embeddable":true,"href":"http:\/\/www.dialogische-kultur-und-bildung.de\/salonslalom\/wp-json\/wp\/v2\/pages\/8"}],"wp:attachment":[{"href":"http:\/\/www.dialogische-kultur-und-bildung.de\/salonslalom\/wp-json\/wp\/v2\/media?parent=3334"}],"curies":[{"name":"wp","href":"https:\/\/api.w.org\/{rel}","templated":true}]}}