{"id":1069,"date":"2013-03-17T21:29:16","date_gmt":"2013-03-17T19:29:16","guid":{"rendered":"http:\/\/salonslalom.wordpress.com\/?page_id=1069"},"modified":"2013-03-17T21:29:16","modified_gmt":"2013-03-17T19:29:16","slug":"das-stille-post-experiment","status":"publish","type":"page","link":"http:\/\/www.dialogische-kultur-und-bildung.de\/salonslalom\/archiv\/das-stille-post-experiment\/","title":{"rendered":"Das Stille-Post-Experiment"},"content":{"rendered":"<p>F\u00fcr den Babylon-Salon am 15.3. 2013 hatten wir drei kurze Texte ausgesucht und sie nacheinander in sieben Fremdsprachen \u00fcbersetzten lassen: Deutsch, Italienisch, Kroatisch, Franz\u00f6sisch, Spanisch, Schwedisch, Englisch, Griechisch, Deutsch. Wir wollten wissen: Was bleibt erhalten, was weicht ab, wie ver\u00e4ndert sich der Inhalt bei seiner Reise durch Europa? Das haben wir mit zwei parallelen Reihen duchgespielt: einmal mit Freiwilligen aus dem Salon (&#8222;Laien&#8220;); und einmal mit Berufs-\u00dcbersetzern (&#8222;Profis&#8220;).<\/p>\n<p><a href=\"http:\/\/salonslalom.files.wordpress.com\/2013\/03\/alle-texte-der-laien-in-der-reihenfolge-der-sprachen.pdf\"><a href=\"http:\/\/salonslalom.files.wordpress.com\/2013\/03\/alle-texte-der-profis-in-der-reihenfolge-der-sprachen1.pdf\">Alle Texte der Profis in der Reihenfolge der Sprachen<\/a><\/a><\/p>\n<p><a href=\"http:\/\/salonslalom.files.wordpress.com\/2013\/03\/alle-texte-der-laien-in-der-reihenfolge-der-sprachen.pdf\">Alle Texte der Laien in der Reihenfolge der Sprachen<\/a><\/p>\n<p><a href=\"http:\/\/salonslalom.files.wordpress.com\/2013\/03\/zum-vergleich-deutsche-parallelfassungen-der-fremdsp-texte.pdf\">zum Vergleich deutsche Parallelfassungen der fremdsp. Texte<\/a><\/p>\n<p><a href=\"http:\/\/salonslalom.files.wordpress.com\/2013\/03\/text-1-technischer-text-ausgangstext-und-endtexte-der-beiden-reihen.pdf\">Text 1 technischer Text &#8211; Ausgangstext und Endtexte der beiden Reihen<\/a><\/p>\n<p><a href=\"http:\/\/salonslalom.files.wordpress.com\/2013\/03\/text-2-zeitungsartikel-ausgangstext-und-endtexte-der-beiden-reihen.pdf\">Text 2 Zeitungsartikel &#8211; Ausgangstext und Endtexte der beiden Reihen<\/a><\/p>\n<p><a href=\"http:\/\/salonslalom.files.wordpress.com\/2013\/03\/text-3-gedicht-ausgangstext-und-endtexte-der-beiden-reihen.pdf\">Text 3 Gedicht &#8211; Ausgangstext und Endtexte der beiden Reihen<\/a><\/p>\n","protected":false},"excerpt":{"rendered":"<p>F\u00fcr den Babylon-Salon am 15.3. 2013 hatten wir drei kurze Texte ausgesucht und sie nacheinander in sieben Fremdsprachen \u00fcbersetzten lassen: Deutsch, Italienisch, Kroatisch, Franz\u00f6sisch, Spanisch, Schwedisch, Englisch, Griechisch, Deutsch. Wir wollten wissen: Was bleibt erhalten, was weicht ab, wie ver\u00e4ndert &hellip; <a href=\"http:\/\/www.dialogische-kultur-und-bildung.de\/salonslalom\/archiv\/das-stille-post-experiment\/\">Weiterlesen <span class=\"meta-nav\">&rarr;<\/span><\/a><\/p>\n","protected":false},"author":1,"featured_media":0,"parent":36,"menu_order":0,"comment_status":"closed","ping_status":"open","template":"","meta":{"footnotes":""},"class_list":["post-1069","page","type-page","status-publish","hentry"],"_links":{"self":[{"href":"http:\/\/www.dialogische-kultur-und-bildung.de\/salonslalom\/wp-json\/wp\/v2\/pages\/1069","targetHints":{"allow":["GET"]}}],"collection":[{"href":"http:\/\/www.dialogische-kultur-und-bildung.de\/salonslalom\/wp-json\/wp\/v2\/pages"}],"about":[{"href":"http:\/\/www.dialogische-kultur-und-bildung.de\/salonslalom\/wp-json\/wp\/v2\/types\/page"}],"author":[{"embeddable":true,"href":"http:\/\/www.dialogische-kultur-und-bildung.de\/salonslalom\/wp-json\/wp\/v2\/users\/1"}],"replies":[{"embeddable":true,"href":"http:\/\/www.dialogische-kultur-und-bildung.de\/salonslalom\/wp-json\/wp\/v2\/comments?post=1069"}],"version-history":[{"count":0,"href":"http:\/\/www.dialogische-kultur-und-bildung.de\/salonslalom\/wp-json\/wp\/v2\/pages\/1069\/revisions"}],"up":[{"embeddable":true,"href":"http:\/\/www.dialogische-kultur-und-bildung.de\/salonslalom\/wp-json\/wp\/v2\/pages\/36"}],"wp:attachment":[{"href":"http:\/\/www.dialogische-kultur-und-bildung.de\/salonslalom\/wp-json\/wp\/v2\/media?parent=1069"}],"curies":[{"name":"wp","href":"https:\/\/api.w.org\/{rel}","templated":true}]}}